{"id":38,"date":"2022-10-18T11:20:33","date_gmt":"2022-10-18T09:20:33","guid":{"rendered":"https:\/\/fcg-bad-saulgau.de\/fcgbs\/?page_id=38"},"modified":"2024-03-11T09:16:05","modified_gmt":"2024-03-11T08:16:05","slug":"maennerarbeit","status":"publish","type":"page","link":"https:\/\/fcg-bad-saulgau.de\/fcgbs\/maennerarbeit\/","title":{"rendered":"M\u00e4nnerarbeit"},"content":{"rendered":"\t\t<div data-elementor-type=\"wp-page\" data-elementor-id=\"38\" class=\"elementor elementor-38\">\n\t\t\t\t\t\t<section class=\"elementor-section elementor-top-section elementor-element elementor-element-8a759fb elementor-section-full_width elementor-section-height-default elementor-section-height-default\" data-id=\"8a759fb\" data-element_type=\"section\" data-e-type=\"section\">\n\t\t\t\t\t\t<div class=\"elementor-container elementor-column-gap-no\">\n\t\t\t\t\t<div class=\"elementor-column elementor-col-100 elementor-top-column elementor-element elementor-element-3c99df6\" data-id=\"3c99df6\" data-element_type=\"column\" data-e-type=\"column\">\n\t\t\t<div class=\"elementor-widget-wrap elementor-element-populated\">\n\t\t\t\t\t\t<div class=\"elementor-element elementor-element-5e83266 elementor-widget elementor-widget-image\" data-id=\"5e83266\" data-element_type=\"widget\" data-e-type=\"widget\" data-widget_type=\"image.default\">\n\t\t\t\t<div class=\"elementor-widget-container\">\n\t\t\t\t\t\t\t\t\t\t\t\t\t\t\t<img fetchpriority=\"high\" decoding=\"async\" width=\"2560\" height=\"1024\" src=\"https:\/\/fcg-bad-saulgau.de\/fcgbs\/wp-content\/uploads\/2022\/10\/Maenner-scaled.jpg\" class=\"attachment-full size-full wp-image-280\" alt=\"\" srcset=\"https:\/\/fcg-bad-saulgau.de\/fcgbs\/wp-content\/uploads\/2022\/10\/Maenner-scaled.jpg 2560w, https:\/\/fcg-bad-saulgau.de\/fcgbs\/wp-content\/uploads\/2022\/10\/Maenner-300x120.jpg 300w, https:\/\/fcg-bad-saulgau.de\/fcgbs\/wp-content\/uploads\/2022\/10\/Maenner-1024x410.jpg 1024w, https:\/\/fcg-bad-saulgau.de\/fcgbs\/wp-content\/uploads\/2022\/10\/Maenner-768x307.jpg 768w, https:\/\/fcg-bad-saulgau.de\/fcgbs\/wp-content\/uploads\/2022\/10\/Maenner-1536x614.jpg 1536w, https:\/\/fcg-bad-saulgau.de\/fcgbs\/wp-content\/uploads\/2022\/10\/Maenner-2048x819.jpg 2048w\" sizes=\"(max-width: 2560px) 100vw, 2560px\" \/>\t\t\t\t\t\t\t\t\t\t\t\t\t\t\t<\/div>\n\t\t\t\t<\/div>\n\t\t\t\t\t<\/div>\n\t\t<\/div>\n\t\t\t\t\t<\/div>\n\t\t<\/section>\n\t\t\t\t<section class=\"elementor-section elementor-top-section elementor-element elementor-element-aae795d elementor-section-boxed elementor-section-height-default elementor-section-height-default\" data-id=\"aae795d\" data-element_type=\"section\" data-e-type=\"section\">\n\t\t\t\t\t\t<div class=\"elementor-container elementor-column-gap-default\">\n\t\t\t\t\t<div class=\"elementor-column elementor-col-100 elementor-top-column elementor-element elementor-element-58c2476\" data-id=\"58c2476\" data-element_type=\"column\" data-e-type=\"column\">\n\t\t\t<div class=\"elementor-widget-wrap elementor-element-populated\">\n\t\t\t\t\t\t<div class=\"elementor-element elementor-element-b7b3658 elementor-widget elementor-widget-spacer\" data-id=\"b7b3658\" data-element_type=\"widget\" data-e-type=\"widget\" data-widget_type=\"spacer.default\">\n\t\t\t\t<div class=\"elementor-widget-container\">\n\t\t\t\t\t\t\t<div class=\"elementor-spacer\">\n\t\t\t<div class=\"elementor-spacer-inner\"><\/div>\n\t\t<\/div>\n\t\t\t\t\t\t<\/div>\n\t\t\t\t<\/div>\n\t\t\t\t<div class=\"elementor-element elementor-element-f68e6a3 elementor-widget elementor-widget-heading\" data-id=\"f68e6a3\" data-element_type=\"widget\" data-e-type=\"widget\" data-widget_type=\"heading.default\">\n\t\t\t\t<div class=\"elementor-widget-container\">\n\t\t\t\t\t<h2 class=\"elementor-heading-title elementor-size-default\">Vom Mann zum Musketier<\/h2>\t\t\t\t<\/div>\n\t\t\t\t<\/div>\n\t\t\t\t<div class=\"elementor-element elementor-element-b4ae405 elementor-widget elementor-widget-text-editor\" data-id=\"b4ae405\" data-element_type=\"widget\" data-e-type=\"widget\" data-widget_type=\"text-editor.default\">\n\t\t\t\t<div class=\"elementor-widget-container\">\n\t\t\t\t\t\t\t\t\t<p>MzM ist unsere M\u00e4nnerarbeit und steht f\u00fcr &#8220;vom Mann zum Musketier&#8221;.<br \/>Unsere Vision ist es, zu M\u00e4nnern zu werden, die Verantwortung f\u00fcr sich, die Gesellschaft und ihre (zuk\u00fcnftigen) Familien \u00fcbernehmen. Wir treffen uns alle drei Wochen, um Gemeinschaft zu haben, Lobpreis zu machen und tiefer in die Wahrheit Gottes einzutauchen. Pro halbes Jahr haben wir einen thematischen Schwerpunkt, mit dem wir uns besch\u00e4ftigen.<br \/>Alle M\u00e4nner ab 21 Jahren sind herzlich willkommen!<\/p>\t\t\t\t\t\t\t\t<\/div>\n\t\t\t\t<\/div>\n\t\t\t\t<div class=\"elementor-element elementor-element-1c82332 elementor-widget elementor-widget-spacer\" data-id=\"1c82332\" data-element_type=\"widget\" data-e-type=\"widget\" data-widget_type=\"spacer.default\">\n\t\t\t\t<div class=\"elementor-widget-container\">\n\t\t\t\t\t\t\t<div class=\"elementor-spacer\">\n\t\t\t<div class=\"elementor-spacer-inner\"><\/div>\n\t\t<\/div>\n\t\t\t\t\t\t<\/div>\n\t\t\t\t<\/div>\n\t\t\t\t\t<\/div>\n\t\t<\/div>\n\t\t\t\t\t<\/div>\n\t\t<\/section>\n\t\t\t\t<\/div>\n\t\t","protected":false},"excerpt":{"rendered":"<p>Vom Mann zum Musketier MzM ist unsere M\u00e4nnerarbeit und steht f\u00fcr &#8220;vom Mann zum Musketier&#8221;. Unsere Vision ist es, zu M\u00e4nnern zu werden, die Verantwortung f\u00fcr sich, die Gesellschaft und ihre (zuk\u00fcnftigen) Familien \u00fcbernehmen. Wir treffen uns alle drei Wochen, um Gemeinschaft zu haben, Lobpreis zu machen und tiefer in die Wahrheit Gottes einzutauchen. Pro [&hellip;]<\/p>\n","protected":false},"author":1,"featured_media":0,"parent":0,"menu_order":0,"comment_status":"closed","ping_status":"closed","template":"","meta":{"ocean_post_layout":"full-screen","ocean_both_sidebars_style":"","ocean_both_sidebars_content_width":0,"ocean_both_sidebars_sidebars_width":0,"ocean_sidebar":"0","ocean_second_sidebar":"0","ocean_disable_margins":"enable","ocean_add_body_class":"","ocean_shortcode_before_top_bar":"","ocean_shortcode_after_top_bar":"","ocean_shortcode_before_header":"","ocean_shortcode_after_header":"","ocean_has_shortcode":"","ocean_shortcode_after_title":"","ocean_shortcode_before_footer_widgets":"","ocean_shortcode_after_footer_widgets":"","ocean_shortcode_before_footer_bottom":"","ocean_shortcode_after_footer_bottom":"","ocean_display_top_bar":"off","ocean_display_header":"default","ocean_header_style":"","ocean_center_header_left_menu":"0","ocean_custom_header_template":"0","ocean_custom_logo":0,"ocean_custom_retina_logo":0,"ocean_custom_logo_max_width":0,"ocean_custom_logo_tablet_max_width":0,"ocean_custom_logo_mobile_max_width":0,"ocean_custom_logo_max_height":0,"ocean_custom_logo_tablet_max_height":0,"ocean_custom_logo_mobile_max_height":0,"ocean_header_custom_menu":"0","ocean_menu_typo_font_family":"0","ocean_menu_typo_font_subset":"","ocean_menu_typo_font_size":0,"ocean_menu_typo_font_size_tablet":0,"ocean_menu_typo_font_size_mobile":0,"ocean_menu_typo_font_size_unit":"px","ocean_menu_typo_font_weight":"","ocean_menu_typo_font_weight_tablet":"","ocean_menu_typo_font_weight_mobile":"","ocean_menu_typo_transform":"","ocean_menu_typo_transform_tablet":"","ocean_menu_typo_transform_mobile":"","ocean_menu_typo_line_height":0,"ocean_menu_typo_line_height_tablet":0,"ocean_menu_typo_line_height_mobile":0,"ocean_menu_typo_line_height_unit":"","ocean_menu_typo_spacing":0,"ocean_menu_typo_spacing_tablet":0,"ocean_menu_typo_spacing_mobile":0,"ocean_menu_typo_spacing_unit":"","ocean_menu_link_color":"","ocean_menu_link_color_hover":"","ocean_menu_link_color_active":"","ocean_menu_link_background":"","ocean_menu_link_hover_background":"","ocean_menu_link_active_background":"","ocean_menu_social_links_bg":"","ocean_menu_social_hover_links_bg":"","ocean_menu_social_links_color":"","ocean_menu_social_hover_links_color":"","ocean_disable_title":"on","ocean_disable_heading":"default","ocean_post_title":"","ocean_post_subheading":"","ocean_post_title_style":"","ocean_post_title_background_color":"","ocean_post_title_background":0,"ocean_post_title_bg_image_position":"","ocean_post_title_bg_image_attachment":"","ocean_post_title_bg_image_repeat":"","ocean_post_title_bg_image_size":"","ocean_post_title_height":0,"ocean_post_title_bg_overlay":0.5,"ocean_post_title_bg_overlay_color":"","ocean_disable_breadcrumbs":"default","ocean_breadcrumbs_color":"","ocean_breadcrumbs_separator_color":"","ocean_breadcrumbs_links_color":"","ocean_breadcrumbs_links_hover_color":"","ocean_display_footer_widgets":"off","ocean_display_footer_bottom":"default","ocean_custom_footer_template":"0","footnotes":""},"class_list":["post-38","page","type-page","status-publish","hentry","entry"],"_links":{"self":[{"href":"https:\/\/fcg-bad-saulgau.de\/fcgbs\/wp-json\/wp\/v2\/pages\/38","targetHints":{"allow":["GET"]}}],"collection":[{"href":"https:\/\/fcg-bad-saulgau.de\/fcgbs\/wp-json\/wp\/v2\/pages"}],"about":[{"href":"https:\/\/fcg-bad-saulgau.de\/fcgbs\/wp-json\/wp\/v2\/types\/page"}],"author":[{"embeddable":true,"href":"https:\/\/fcg-bad-saulgau.de\/fcgbs\/wp-json\/wp\/v2\/users\/1"}],"replies":[{"embeddable":true,"href":"https:\/\/fcg-bad-saulgau.de\/fcgbs\/wp-json\/wp\/v2\/comments?post=38"}],"version-history":[{"count":14,"href":"https:\/\/fcg-bad-saulgau.de\/fcgbs\/wp-json\/wp\/v2\/pages\/38\/revisions"}],"predecessor-version":[{"id":760,"href":"https:\/\/fcg-bad-saulgau.de\/fcgbs\/wp-json\/wp\/v2\/pages\/38\/revisions\/760"}],"wp:attachment":[{"href":"https:\/\/fcg-bad-saulgau.de\/fcgbs\/wp-json\/wp\/v2\/media?parent=38"}],"curies":[{"name":"wp","href":"https:\/\/api.w.org\/{rel}","templated":true}]}}