{"id":36,"date":"2022-10-18T11:20:08","date_gmt":"2022-10-18T09:20:08","guid":{"rendered":"https:\/\/fcg-bad-saulgau.de\/fcgbs\/?page_id=36"},"modified":"2025-01-23T17:26:08","modified_gmt":"2025-01-23T16:26:08","slug":"royal-rangers","status":"publish","type":"page","link":"https:\/\/fcg-bad-saulgau.de\/fcgbs\/royal-rangers\/","title":{"rendered":"Royal Rangers"},"content":{"rendered":"\t\t<div data-elementor-type=\"wp-page\" data-elementor-id=\"36\" class=\"elementor elementor-36\">\n\t\t\t\t\t\t<section class=\"elementor-section elementor-top-section elementor-element elementor-element-09cf10b elementor-section-full_width elementor-section-height-default elementor-section-height-default\" data-id=\"09cf10b\" data-element_type=\"section\" data-e-type=\"section\">\n\t\t\t\t\t\t<div class=\"elementor-container elementor-column-gap-no\">\n\t\t\t\t\t<div class=\"elementor-column elementor-col-100 elementor-top-column elementor-element elementor-element-8f418b7\" data-id=\"8f418b7\" data-element_type=\"column\" data-e-type=\"column\">\n\t\t\t<div class=\"elementor-widget-wrap elementor-element-populated\">\n\t\t\t\t\t\t<div class=\"elementor-element elementor-element-e55d5fd elementor-widget elementor-widget-image\" data-id=\"e55d5fd\" data-element_type=\"widget\" data-e-type=\"widget\" data-widget_type=\"image.default\">\n\t\t\t\t<div class=\"elementor-widget-container\">\n\t\t\t\t\t\t\t\t\t\t\t\t\t\t\t<img decoding=\"async\" src=\"https:\/\/fcg-bad-saulgau.de\/fcgbs\/wp-content\/uploads\/elementor\/thumbs\/RR-scaled-pwrxgayo9j5e77gnawyfsoq9z18mhdt08xv12puqm8.jpg\" title=\"RR\" alt=\"RR\" loading=\"lazy\" \/>\t\t\t\t\t\t\t\t\t\t\t\t\t\t\t<\/div>\n\t\t\t\t<\/div>\n\t\t\t\t\t<\/div>\n\t\t<\/div>\n\t\t\t\t\t<\/div>\n\t\t<\/section>\n\t\t\t\t<section class=\"elementor-section elementor-top-section elementor-element elementor-element-4e17e13 elementor-section-boxed elementor-section-height-default elementor-section-height-default\" data-id=\"4e17e13\" data-element_type=\"section\" data-e-type=\"section\">\n\t\t\t\t\t\t<div class=\"elementor-container elementor-column-gap-default\">\n\t\t\t\t\t<div class=\"elementor-column elementor-col-100 elementor-top-column elementor-element elementor-element-126a074\" data-id=\"126a074\" data-element_type=\"column\" data-e-type=\"column\">\n\t\t\t<div class=\"elementor-widget-wrap elementor-element-populated\">\n\t\t\t\t\t\t<div class=\"elementor-element elementor-element-444801c elementor-widget elementor-widget-spacer\" data-id=\"444801c\" data-element_type=\"widget\" data-e-type=\"widget\" data-widget_type=\"spacer.default\">\n\t\t\t\t<div class=\"elementor-widget-container\">\n\t\t\t\t\t\t\t<div class=\"elementor-spacer\">\n\t\t\t<div class=\"elementor-spacer-inner\"><\/div>\n\t\t<\/div>\n\t\t\t\t\t\t<\/div>\n\t\t\t\t<\/div>\n\t\t\t\t<div class=\"elementor-element elementor-element-2ee67b0 elementor-widget elementor-widget-heading\" data-id=\"2ee67b0\" data-element_type=\"widget\" data-e-type=\"widget\" data-widget_type=\"heading.default\">\n\t\t\t\t<div class=\"elementor-widget-container\">\n\t\t\t\t\t<h2 class=\"elementor-heading-title elementor-size-default\">Royal Rangers<\/h2>\t\t\t\t<\/div>\n\t\t\t\t<\/div>\n\t\t\t\t<div class=\"elementor-element elementor-element-6182a4b elementor-widget elementor-widget-text-editor\" data-id=\"6182a4b\" data-element_type=\"widget\" data-e-type=\"widget\" data-widget_type=\"text-editor.default\">\n\t\t\t\t<div class=\"elementor-widget-container\">\n\t\t\t\t\t\t\t\t\t<p>Die Royal Rangers sind eine internationale christliche Pfadfinderschaft.<br \/>Unsere Mission ist es Kinder f\u00fcr Jesus Christus zu gewinnen, sie bei Jesus zu halten und sie f\u00fcr Jesus dienstbereit zu machen.<br \/>Unsere Pfadfinderarbeit ist gepr\u00e4gt von Spiel und Spa\u00df. Wir treffen uns w\u00f6chentlich und erleben gemeinsam gro\u00dfe und kleine Abenteuer. Als Pfadfinder lernen wir grundlegende Pfadfindertechniken wie Knoten und B\u00fcnde, Feuer machen, den Umgang mit Werkzeug und Erste Hilfe. Wir paddeln in Kanus \u00fcber Fl\u00fcsse und Seen, erklimmen Berge, wandern \u00fcber Stock und Stein, kochen \u00fcber offenem Feuer und schlafen unter freiem Himmel. Wir trotzen Wind und Wetter und auch im gie\u00dfenden Regen singen wir noch Lobpreislieder f\u00fcr unseren Herrn Jesus.<\/p><p>Der Stamm Bad Saulgau trifft sich au\u00dferhalb der Ferien jeden Freitag von 17-19 Uhr.<br \/>Es gibt Jungs- und M\u00e4dchenteams in den Altersstufen von 6 bis 17 Jahren.<br \/>Die Jungsteams werden jeweils von einem m\u00e4nnlichem Teamleiter und Teamhelfer geleitet und die M\u00e4dchenteams jeweils von einer weiblichen Teamleiterin und Teamhelferin.\u00a0<\/p><p>Du m\u00f6chtest uns gerne kennenlernen und an einem Teamtreff teilnehmen? Dann melde dich direkt bei unserem Stammleiter Manuel Brugger per Mail \u00fcber\u00a0<em> info@rr125.de<\/em>.<br \/>Wir freuen uns auf dich!<\/p>\t\t\t\t\t\t\t\t<\/div>\n\t\t\t\t<\/div>\n\t\t\t\t<div class=\"elementor-element elementor-element-d938a88 elementor-widget elementor-widget-heading\" data-id=\"d938a88\" data-element_type=\"widget\" data-e-type=\"widget\" data-widget_type=\"heading.default\">\n\t\t\t\t<div class=\"elementor-widget-container\">\n\t\t\t\t\t<h2 class=\"elementor-heading-title elementor-size-default\">Unsere Grunds\u00e4tze<\/h2>\t\t\t\t<\/div>\n\t\t\t\t<\/div>\n\t\t\t\t<div class=\"elementor-element elementor-element-a7e722c elementor-widget elementor-widget-heading\" data-id=\"a7e722c\" data-element_type=\"widget\" data-e-type=\"widget\" data-widget_type=\"heading.default\">\n\t\t\t\t<div class=\"elementor-widget-container\">\n\t\t\t\t\t<h2 class=\"elementor-heading-title elementor-size-default\">Das Royal Rangers Versprechen<\/h2>\t\t\t\t<\/div>\n\t\t\t\t<\/div>\n\t\t\t\t<div class=\"elementor-element elementor-element-e93712f elementor-widget elementor-widget-text-editor\" data-id=\"e93712f\" data-element_type=\"widget\" data-e-type=\"widget\" data-widget_type=\"text-editor.default\">\n\t\t\t\t<div class=\"elementor-widget-container\">\n\t\t\t\t\t\t\t\t\t<p>Mit Gottes Hilfe will ich mein Bestes tun, um Gott, meiner Gemeinde und meinen Mitmenschen zu dienen, die Royal Rangers Regeln zu halten und die Goldene Regel zu meinem t\u00e4glichen Leitspruch zu machen.<\/p>\t\t\t\t\t\t\t\t<\/div>\n\t\t\t\t<\/div>\n\t\t\t\t<div class=\"elementor-element elementor-element-22661d4 elementor-widget elementor-widget-heading\" data-id=\"22661d4\" data-element_type=\"widget\" data-e-type=\"widget\" data-widget_type=\"heading.default\">\n\t\t\t\t<div class=\"elementor-widget-container\">\n\t\t\t\t\t<h2 class=\"elementor-heading-title elementor-size-default\">Die Goldene Regel<\/h2>\t\t\t\t<\/div>\n\t\t\t\t<\/div>\n\t\t\t\t<div class=\"elementor-element elementor-element-078cc96 elementor-widget elementor-widget-text-editor\" data-id=\"078cc96\" data-element_type=\"widget\" data-e-type=\"widget\" data-widget_type=\"text-editor.default\">\n\t\t\t\t<div class=\"elementor-widget-container\">\n\t\t\t\t\t\t\t\t\t<p>Der Pfadfinderwahlspruch ist f\u00fcr die Royal Rangers der Bibelvers aus Matth\u00e4us 7,12:<br \/>&#8220;Alles was ihr f\u00fcr euch von den Menschen erwartet, das tut ihnen auch.&#8221;<\/p>\t\t\t\t\t\t\t\t<\/div>\n\t\t\t\t<\/div>\n\t\t\t\t<section class=\"elementor-section elementor-inner-section elementor-element elementor-element-f35e92a elementor-section-boxed elementor-section-height-default elementor-section-height-default\" data-id=\"f35e92a\" data-element_type=\"section\" data-e-type=\"section\">\n\t\t\t\t\t\t<div class=\"elementor-container elementor-column-gap-default\">\n\t\t\t\t\t<div class=\"elementor-column elementor-col-50 elementor-inner-column elementor-element elementor-element-e34e7cd\" data-id=\"e34e7cd\" data-element_type=\"column\" data-e-type=\"column\">\n\t\t\t<div class=\"elementor-widget-wrap elementor-element-populated\">\n\t\t\t\t\t\t<div class=\"elementor-element elementor-element-da25590 elementor-widget elementor-widget-image\" data-id=\"da25590\" data-element_type=\"widget\" data-e-type=\"widget\" data-widget_type=\"image.default\">\n\t\t\t\t<div class=\"elementor-widget-container\">\n\t\t\t\t\t\t\t\t\t\t\t\t\t\t\t<img decoding=\"async\" width=\"150\" height=\"150\" src=\"https:\/\/fcg-bad-saulgau.de\/fcgbs\/wp-content\/uploads\/2024\/03\/MB-150x150.png\" class=\"attachment-thumbnail size-thumbnail wp-image-1134\" alt=\"\" srcset=\"https:\/\/fcg-bad-saulgau.de\/fcgbs\/wp-content\/uploads\/2024\/03\/MB-150x150.png 150w, https:\/\/fcg-bad-saulgau.de\/fcgbs\/wp-content\/uploads\/2024\/03\/MB-300x300.png 300w, https:\/\/fcg-bad-saulgau.de\/fcgbs\/wp-content\/uploads\/2024\/03\/MB.png 572w\" sizes=\"(max-width: 150px) 100vw, 150px\" \/>\t\t\t\t\t\t\t\t\t\t\t\t\t\t\t<\/div>\n\t\t\t\t<\/div>\n\t\t\t\t\t<\/div>\n\t\t<\/div>\n\t\t\t\t<div class=\"elementor-column elementor-col-50 elementor-inner-column elementor-element elementor-element-328a3c7\" data-id=\"328a3c7\" data-element_type=\"column\" data-e-type=\"column\">\n\t\t\t<div class=\"elementor-widget-wrap elementor-element-populated\">\n\t\t\t\t\t\t<div class=\"elementor-element elementor-element-7baef10 elementor-widget elementor-widget-image\" data-id=\"7baef10\" data-element_type=\"widget\" data-e-type=\"widget\" data-widget_type=\"image.default\">\n\t\t\t\t<div class=\"elementor-widget-container\">\n\t\t\t\t\t\t\t\t\t\t\t\t\t\t\t<img decoding=\"async\" width=\"150\" height=\"150\" src=\"https:\/\/fcg-bad-saulgau.de\/fcgbs\/wp-content\/uploads\/2024\/03\/JW-150x150.png\" class=\"attachment-thumbnail size-thumbnail wp-image-1133\" alt=\"\" srcset=\"https:\/\/fcg-bad-saulgau.de\/fcgbs\/wp-content\/uploads\/2024\/03\/JW-150x150.png 150w, https:\/\/fcg-bad-saulgau.de\/fcgbs\/wp-content\/uploads\/2024\/03\/JW-300x300.png 300w, https:\/\/fcg-bad-saulgau.de\/fcgbs\/wp-content\/uploads\/2024\/03\/JW.png 572w\" sizes=\"(max-width: 150px) 100vw, 150px\" \/>\t\t\t\t\t\t\t\t\t\t\t\t\t\t\t<\/div>\n\t\t\t\t<\/div>\n\t\t\t\t\t<\/div>\n\t\t<\/div>\n\t\t\t\t\t<\/div>\n\t\t<\/section>\n\t\t\t\t\t<\/div>\n\t\t<\/div>\n\t\t\t\t\t<\/div>\n\t\t<\/section>\n\t\t\t\t<section class=\"elementor-section elementor-top-section elementor-element elementor-element-28a0b21 elementor-section-full_width elementor-section-height-default elementor-section-height-default\" data-id=\"28a0b21\" data-element_type=\"section\" data-e-type=\"section\">\n\t\t\t\t\t\t<div class=\"elementor-container elementor-column-gap-no\">\n\t\t\t\t\t<div class=\"elementor-column elementor-col-100 elementor-top-column elementor-element elementor-element-f47c388\" data-id=\"f47c388\" data-element_type=\"column\" data-e-type=\"column\">\n\t\t\t<div class=\"elementor-widget-wrap elementor-element-populated\">\n\t\t\t\t\t\t<section class=\"elementor-section elementor-inner-section elementor-element elementor-element-17da18f elementor-section-boxed elementor-section-height-default elementor-section-height-default\" data-id=\"17da18f\" data-element_type=\"section\" data-e-type=\"section\">\n\t\t\t\t\t\t<div class=\"elementor-container elementor-column-gap-default\">\n\t\t\t\t\t<div class=\"elementor-column elementor-col-50 elementor-inner-column elementor-element elementor-element-05563a8\" data-id=\"05563a8\" data-element_type=\"column\" data-e-type=\"column\">\n\t\t\t<div class=\"elementor-widget-wrap elementor-element-populated\">\n\t\t\t\t\t\t<div class=\"elementor-element elementor-element-e19af27 elementor-widget elementor-widget-text-editor\" data-id=\"e19af27\" data-element_type=\"widget\" data-e-type=\"widget\" data-widget_type=\"text-editor.default\">\n\t\t\t\t<div class=\"elementor-widget-container\">\n\t\t\t\t\t\t\t\t\t<p>Manuel Brugger<br \/>Stammleiter<br \/>Kontakt: <a href=\"mailto:info@rr125.de\">info@rr125.de<\/a><br \/>Mobil: 0176 \/ 53 38 40 02<\/p>\t\t\t\t\t\t\t\t<\/div>\n\t\t\t\t<\/div>\n\t\t\t\t\t<\/div>\n\t\t<\/div>\n\t\t\t\t<div class=\"elementor-column elementor-col-50 elementor-inner-column elementor-element elementor-element-10782e0\" data-id=\"10782e0\" data-element_type=\"column\" data-e-type=\"column\">\n\t\t\t<div class=\"elementor-widget-wrap elementor-element-populated\">\n\t\t\t\t\t\t<div class=\"elementor-element elementor-element-84ea66d elementor-widget elementor-widget-text-editor\" data-id=\"84ea66d\" data-element_type=\"widget\" data-e-type=\"widget\" data-widget_type=\"text-editor.default\">\n\t\t\t\t<div class=\"elementor-widget-container\">\n\t\t\t\t\t\t\t\t\t<p>Jonathan Winter<br \/>Stammwart\/Materialwart<\/p>\t\t\t\t\t\t\t\t<\/div>\n\t\t\t\t<\/div>\n\t\t\t\t\t<\/div>\n\t\t<\/div>\n\t\t\t\t\t<\/div>\n\t\t<\/section>\n\t\t\t\t<div class=\"elementor-element elementor-element-b43e840 elementor-pagination-position-inside elementor-arrows-position-inside elementor-widget elementor-widget-image-carousel\" data-id=\"b43e840\" data-element_type=\"widget\" data-e-type=\"widget\" data-settings=\"{&quot;slides_to_show&quot;:&quot;1&quot;,&quot;autoplay&quot;:&quot;no&quot;,&quot;navigation&quot;:&quot;both&quot;,&quot;infinite&quot;:&quot;yes&quot;,&quot;effect&quot;:&quot;slide&quot;,&quot;speed&quot;:500}\" data-widget_type=\"image-carousel.default\">\n\t\t\t\t<div class=\"elementor-widget-container\">\n\t\t\t\t\t\t\t<div class=\"elementor-image-carousel-wrapper swiper\" role=\"region\" aria-roledescription=\"carousel\" aria-label=\"Bild Karussell\" dir=\"ltr\">\n\t\t\t<div class=\"elementor-image-carousel swiper-wrapper\" aria-live=\"polite\">\n\t\t\t\t\t\t\t\t<div class=\"swiper-slide\" role=\"group\" aria-roledescription=\"slide\" aria-label=\"1 von 4\"><figure class=\"swiper-slide-inner\"><img decoding=\"async\" class=\"swiper-slide-image\" src=\"https:\/\/fcg-bad-saulgau.de\/fcgbs\/wp-content\/uploads\/2022\/10\/RR1-scaled.jpg\" alt=\"RR1\" \/><\/figure><\/div><div class=\"swiper-slide\" role=\"group\" aria-roledescription=\"slide\" aria-label=\"2 von 4\"><figure class=\"swiper-slide-inner\"><img decoding=\"async\" class=\"swiper-slide-image\" src=\"https:\/\/fcg-bad-saulgau.de\/fcgbs\/wp-content\/uploads\/2022\/10\/RR2-scaled.jpg\" alt=\"RR2\" \/><\/figure><\/div><div class=\"swiper-slide\" role=\"group\" aria-roledescription=\"slide\" aria-label=\"3 von 4\"><figure class=\"swiper-slide-inner\"><img decoding=\"async\" class=\"swiper-slide-image\" src=\"https:\/\/fcg-bad-saulgau.de\/fcgbs\/wp-content\/uploads\/2022\/10\/RR3-scaled.jpg\" alt=\"RR3\" \/><\/figure><\/div><div class=\"swiper-slide\" role=\"group\" aria-roledescription=\"slide\" aria-label=\"4 von 4\"><figure class=\"swiper-slide-inner\"><img decoding=\"async\" class=\"swiper-slide-image\" src=\"https:\/\/fcg-bad-saulgau.de\/fcgbs\/wp-content\/uploads\/2022\/10\/RR4-scaled.jpg\" alt=\"RR4\" \/><\/figure><\/div>\t\t\t<\/div>\n\t\t\t\t\t\t\t\t\t\t\t\t<div class=\"elementor-swiper-button elementor-swiper-button-prev\" role=\"button\" tabindex=\"0\">\n\t\t\t\t\t\t<i aria-hidden=\"true\" class=\"eicon-chevron-left\"><\/i>\t\t\t\t\t<\/div>\n\t\t\t\t\t<div class=\"elementor-swiper-button elementor-swiper-button-next\" role=\"button\" tabindex=\"0\">\n\t\t\t\t\t\t<i aria-hidden=\"true\" class=\"eicon-chevron-right\"><\/i>\t\t\t\t\t<\/div>\n\t\t\t\t\n\t\t\t\t\t\t\t\t\t<div class=\"swiper-pagination\"><\/div>\n\t\t\t\t\t\t\t\t\t<\/div>\n\t\t\t\t\t\t<\/div>\n\t\t\t\t<\/div>\n\t\t\t\t<div class=\"elementor-element elementor-element-ec1b285 elementor-widget elementor-widget-spacer\" data-id=\"ec1b285\" data-element_type=\"widget\" data-e-type=\"widget\" data-widget_type=\"spacer.default\">\n\t\t\t\t<div class=\"elementor-widget-container\">\n\t\t\t\t\t\t\t<div class=\"elementor-spacer\">\n\t\t\t<div class=\"elementor-spacer-inner\"><\/div>\n\t\t<\/div>\n\t\t\t\t\t\t<\/div>\n\t\t\t\t<\/div>\n\t\t\t\t<div class=\"elementor-element elementor-element-96231f9 elementor-widget elementor-widget-image\" data-id=\"96231f9\" data-element_type=\"widget\" data-e-type=\"widget\" data-widget_type=\"image.default\">\n\t\t\t\t<div class=\"elementor-widget-container\">\n\t\t\t\t\t\t\t\t\t\t\t\t\t\t\t<img fetchpriority=\"high\" decoding=\"async\" width=\"2048\" height=\"203\" src=\"https:\/\/fcg-bad-saulgau.de\/fcgbs\/wp-content\/uploads\/2024\/09\/Spendenbanner.jpg\" class=\"attachment-full size-full wp-image-1328\" alt=\"\" srcset=\"https:\/\/fcg-bad-saulgau.de\/fcgbs\/wp-content\/uploads\/2024\/09\/Spendenbanner.jpg 2048w, https:\/\/fcg-bad-saulgau.de\/fcgbs\/wp-content\/uploads\/2024\/09\/Spendenbanner-300x30.jpg 300w, https:\/\/fcg-bad-saulgau.de\/fcgbs\/wp-content\/uploads\/2024\/09\/Spendenbanner-1024x102.jpg 1024w, https:\/\/fcg-bad-saulgau.de\/fcgbs\/wp-content\/uploads\/2024\/09\/Spendenbanner-768x76.jpg 768w, https:\/\/fcg-bad-saulgau.de\/fcgbs\/wp-content\/uploads\/2024\/09\/Spendenbanner-1536x152.jpg 1536w\" sizes=\"(max-width: 2048px) 100vw, 2048px\" \/>\t\t\t\t\t\t\t\t\t\t\t\t\t\t\t<\/div>\n\t\t\t\t<\/div>\n\t\t\t\t\t<\/div>\n\t\t<\/div>\n\t\t\t\t\t<\/div>\n\t\t<\/section>\n\t\t\t\t<section class=\"elementor-section elementor-top-section elementor-element elementor-element-10ee86d elementor-section-boxed elementor-section-height-default elementor-section-height-default\" data-id=\"10ee86d\" data-element_type=\"section\" data-e-type=\"section\">\n\t\t\t\t\t\t<div class=\"elementor-container elementor-column-gap-default\">\n\t\t\t\t\t<div class=\"elementor-column elementor-col-100 elementor-top-column elementor-element elementor-element-da30a4f\" data-id=\"da30a4f\" data-element_type=\"column\" data-e-type=\"column\">\n\t\t\t<div class=\"elementor-widget-wrap\">\n\t\t\t\t\t\t\t<\/div>\n\t\t<\/div>\n\t\t\t\t\t<\/div>\n\t\t<\/section>\n\t\t\t\t<\/div>\n\t\t","protected":false},"excerpt":{"rendered":"<p>Royal Rangers Die Royal Rangers sind eine internationale christliche Pfadfinderschaft.Unsere Mission ist es Kinder f\u00fcr Jesus Christus zu gewinnen, sie bei Jesus zu halten und sie f\u00fcr Jesus dienstbereit zu machen.Unsere Pfadfinderarbeit ist gepr\u00e4gt von Spiel und Spa\u00df. Wir treffen uns w\u00f6chentlich und erleben gemeinsam gro\u00dfe und kleine Abenteuer. Als Pfadfinder lernen wir grundlegende Pfadfindertechniken [&hellip;]<\/p>\n","protected":false},"author":1,"featured_media":0,"parent":0,"menu_order":0,"comment_status":"closed","ping_status":"closed","template":"","meta":{"ocean_post_layout":"full-screen","ocean_both_sidebars_style":"","ocean_both_sidebars_content_width":0,"ocean_both_sidebars_sidebars_width":0,"ocean_sidebar":"0","ocean_second_sidebar":"0","ocean_disable_margins":"enable","ocean_add_body_class":"","ocean_shortcode_before_top_bar":"","ocean_shortcode_after_top_bar":"","ocean_shortcode_before_header":"","ocean_shortcode_after_header":"","ocean_has_shortcode":"","ocean_shortcode_after_title":"","ocean_shortcode_before_footer_widgets":"","ocean_shortcode_after_footer_widgets":"","ocean_shortcode_before_footer_bottom":"","ocean_shortcode_after_footer_bottom":"","ocean_display_top_bar":"off","ocean_display_header":"default","ocean_header_style":"","ocean_center_header_left_menu":"0","ocean_custom_header_template":"0","ocean_custom_logo":0,"ocean_custom_retina_logo":0,"ocean_custom_logo_max_width":0,"ocean_custom_logo_tablet_max_width":0,"ocean_custom_logo_mobile_max_width":0,"ocean_custom_logo_max_height":0,"ocean_custom_logo_tablet_max_height":0,"ocean_custom_logo_mobile_max_height":0,"ocean_header_custom_menu":"0","ocean_menu_typo_font_family":"0","ocean_menu_typo_font_subset":"","ocean_menu_typo_font_size":0,"ocean_menu_typo_font_size_tablet":0,"ocean_menu_typo_font_size_mobile":0,"ocean_menu_typo_font_size_unit":"px","ocean_menu_typo_font_weight":"","ocean_menu_typo_font_weight_tablet":"","ocean_menu_typo_font_weight_mobile":"","ocean_menu_typo_transform":"","ocean_menu_typo_transform_tablet":"","ocean_menu_typo_transform_mobile":"","ocean_menu_typo_line_height":0,"ocean_menu_typo_line_height_tablet":0,"ocean_menu_typo_line_height_mobile":0,"ocean_menu_typo_line_height_unit":"","ocean_menu_typo_spacing":0,"ocean_menu_typo_spacing_tablet":0,"ocean_menu_typo_spacing_mobile":0,"ocean_menu_typo_spacing_unit":"","ocean_menu_link_color":"","ocean_menu_link_color_hover":"","ocean_menu_link_color_active":"","ocean_menu_link_background":"","ocean_menu_link_hover_background":"","ocean_menu_link_active_background":"","ocean_menu_social_links_bg":"","ocean_menu_social_hover_links_bg":"","ocean_menu_social_links_color":"","ocean_menu_social_hover_links_color":"","ocean_disable_title":"on","ocean_disable_heading":"default","ocean_post_title":"","ocean_post_subheading":"","ocean_post_title_style":"","ocean_post_title_background_color":"","ocean_post_title_background":0,"ocean_post_title_bg_image_position":"","ocean_post_title_bg_image_attachment":"","ocean_post_title_bg_image_repeat":"","ocean_post_title_bg_image_size":"","ocean_post_title_height":0,"ocean_post_title_bg_overlay":0.5,"ocean_post_title_bg_overlay_color":"","ocean_disable_breadcrumbs":"default","ocean_breadcrumbs_color":"","ocean_breadcrumbs_separator_color":"","ocean_breadcrumbs_links_color":"","ocean_breadcrumbs_links_hover_color":"","ocean_display_footer_widgets":"off","ocean_display_footer_bottom":"default","ocean_custom_footer_template":"0","footnotes":""},"class_list":["post-36","page","type-page","status-publish","hentry","entry"],"_links":{"self":[{"href":"https:\/\/fcg-bad-saulgau.de\/fcgbs\/wp-json\/wp\/v2\/pages\/36","targetHints":{"allow":["GET"]}}],"collection":[{"href":"https:\/\/fcg-bad-saulgau.de\/fcgbs\/wp-json\/wp\/v2\/pages"}],"about":[{"href":"https:\/\/fcg-bad-saulgau.de\/fcgbs\/wp-json\/wp\/v2\/types\/page"}],"author":[{"embeddable":true,"href":"https:\/\/fcg-bad-saulgau.de\/fcgbs\/wp-json\/wp\/v2\/users\/1"}],"replies":[{"embeddable":true,"href":"https:\/\/fcg-bad-saulgau.de\/fcgbs\/wp-json\/wp\/v2\/comments?post=36"}],"version-history":[{"count":79,"href":"https:\/\/fcg-bad-saulgau.de\/fcgbs\/wp-json\/wp\/v2\/pages\/36\/revisions"}],"predecessor-version":[{"id":1518,"href":"https:\/\/fcg-bad-saulgau.de\/fcgbs\/wp-json\/wp\/v2\/pages\/36\/revisions\/1518"}],"wp:attachment":[{"href":"https:\/\/fcg-bad-saulgau.de\/fcgbs\/wp-json\/wp\/v2\/media?parent=36"}],"curies":[{"name":"wp","href":"https:\/\/api.w.org\/{rel}","templated":true}]}}